/455). Suppose -24*z + 17*z = -p. What is the units digit of z?
1
Suppose 80809 + 23383 = 22*k. What is the tens digit of k?
3
Let k = -502 - -4197. Suppose -k + 287 = -16*h. What is the units digit of h?
3
Suppose n - 2*w - 551 = -0*w, -3 = w. Let a = n - 488. What is the tens digit of a?
5
Suppose -4*b - 3 = 1. Let q be (11 + -93)/(b/(4 + 0)). Suppose r - 152 = -3*v - v, -2*r - 2*v + q = 0. What is the tens digit of r?
6
Suppose 0 = -i - q + 245, 0*q + 5*q + 719 = 3*i. Let c = 465 - i. What is the tens digit of c?
2
Suppose -5*u = -12*u + 10472. Suppose 16*r + u = 20*r. What is the units digit of r?
4
Let u = -2289 + 7481. What is the hundreds digit of u?
1
Suppose 5*o = 280 + 5. Suppose 0 = 50*f - o*f + 4620. What is the hundreds digit of f?
6
Let j(l) = 5*l**3 - l**2 - 18*l - 1. Let z be (-3)/(0 - 1 - 2)*5. What is the tens digit of j(z)?
0
Suppose 54 = 5*i - q, 5*i + 26 - 76 = 5*q. Suppose 8*y = i*y - 15. Suppose 286 = 5*z - 0*t - 2*t, -y*z - 5*t + 300 = 0. What is the tens digit of z?
5
Let h(g) = g**2 - 14*g - 5. Let c be h(14). What is the units digit of c - ((-39960)/56 + (-8)/(-14))?
8
Let i(o) = -o**2 + 3*o + 10. Let f be i(5). Let k be f + (-3 - (-2 - 2)). What is the units digit of 79*((-2 - -2 - 0) + k)?
9
Suppose -2*x + 8*x = 0. Suppose x = 7*b - b - 24156. What is the tens digit of b/42 + (-3)/(-21)?
9
Let s be 27/(-162) + (-181)/(-6). Suppose 4*b - 3*r = 2598, 4*r + 1294 = -s*b + 32*b. What is the tens digit of b?
5
Let b(w) = -5*w**2 + 35*w - 21. Let n be b(6). What is the units digit of (99/6 + 3)/(n/78)?
9
What is the thousands digit of (-1)/((-33611)/6722 + 23 + -18)?
6
Let a = 1232 + -754. Let x = a - 194. What is the tens digit of x?
8
Let i(h) = -290*h - 23. Let b be 1*((-31)/10 - (-6)/60). What is the tens digit of i(b)?
4
Suppose 0 = -11*h + 4 + 18. What is the units digit of 1880/(-24)*(-1 - h)?
5
Let l(t) = -7*t**3 - 7*t**2 - 6*t + 23. Suppose -53 - 37 = 15*p. What is the tens digit of l(p)?
1
Let q be 10/65 + 189/(-39)*-1. What is the tens digit of 244*(q/20 + 0)?
6
Let q(k) = 2*k - 5. Let m be q(2). Let u be (m + 0)*(-122 - (-2 - -2)). Suppose u = 2*c - 70. What is the tens digit of c?
9
Let k be ((-7)/(-4) - -2)/((-86)/344). What is the tens digit of k*15/(-225) + 1*193?
9
Let p(y) = 7*y**3 - 6*y**2 + 21*y - 5. What is the tens digit of p(15)?
8
Let q(u) = -9*u**3 - 26*u**2 - 347*u + 19. What is the tens digit of q(-11)?
6
Suppose -39*j + 5797 = -22*j. Suppose g - 3*l + 2*l - 361 = 0, 0 = g + 4*l - j. What is the units digit of g?
7
Let u = 26 + -18. Suppose u*h - 18 = -h. What is the units digit of (42/h)/((-39)/(-130))?
0
Suppose 17*b = 12*b - 10. Let o be 1490/8 + b/8. Let a = o - 61. What is the units digit of a?
5
Suppose -2561*y = -2566*y + 21590. What is the tens digit of y?
1
Let b(x) = x**3 + 2*x**2 - 2*x - 5. Let t be b(2). Suppose t*j = j + 1530. What is the units digit of j?
5
Let b = -7344 - -11400. What is the hundreds digit of b?
0
Let b(y) = 496*y**2 + 220*y - 895. What is the thousands digit of b(4)?
7
Let g(s) = -s**3 + 57*s**2 - 92*s - 101. What is the thousands digit of g(33)?
2
Let q(f) = 24*f + 36. Let h(s) = -2*s + 2. Let b(m) = 3*h(m) - q(m). What is the tens digit of b(-5)?
2
Let o = 43 - 61. Let s be (-1016)/(-6) - (-6)/o. Suppose 5*d + m = 345, -s + 14 = -2*d + 3*m. What is the units digit of d?
0
Suppose 94*w = 111*w + 850. What is the hundreds digit of (w - -51)/(-2 - 4222/(-2110))?
0
Let m(k) = 2071*k + 129. What is the hundreds digit of m(5)?
4
Suppose 2*w - 41848 = -4*b, 7*w = -22*b + 27*b - 52272. What is the units digit of b?
0
Let n = -277 + 278. What is the tens digit of (499/(-3) - n)*(-27)/18?
5
What is the thousands digit of (-1)/(10 - 8 - 1) + 1384?
1
Let h(z) = -2*z**2 - 24*z - 82. Let w be h(-4). What is the hundreds digit of -1 + 14/18 + (-2146)/w?
1
Suppose 16*q - 38345 = -3*w + 17*q, 5*w - q = 63909. What is the hundreds digit of w?
7
Let m = 16 - 17. What is the hundreds digit of 317 + (m + 9 - 5)?
3
Let f be 390/15 - 16/2. Suppose -f*o = 820 - 4096. What is the tens digit of o?
8
Suppose 0 = 5*i - 8*i - 150. Let j = i + 52. Suppose j*y = 148 + 100. What is the tens digit of y?
2
Suppose -v + 15727 = 5*s, -17*v - s - 4*s + 266799 = 0. What is the tens digit of v?
9
Let l = -70 - -72. Suppose -3*a + l*a = 4*b - 629, -b + 1 = 0. What is the hundreds digit of a?
6
Suppose 8*u - 11*u = 4*h - 38160, -u + 38168 = 4*h. What is the hundreds digit of h?
5
Suppose 2*i - 5027 - 11659 = 18782. What is the hundreds digit of i?
7
Let k = 18038 - 8358. What is the tens digit of k?
8
Let d = 243 - 234. Suppose -376 = -3*h - k, -d*h - 251 = -11*h - k. What is the hundreds digit of h?
1
Let t(s) = s**2 - 22*s + 36. Let h be t(11). Suppose n + 4*k - 46 = -198, 10 = -5*k. Let x = h - n. What is the units digit of x?
9
Let b = -10934 - -16171. What is the thousands digit of b?
5
Let j = 43 + -39. Suppose 708 = j*l - 952. What is the tens digit of l?
1
Suppose 21*a - 171 - 144 = 0. Let k = a + 363. What is the units digit of k?
8
Let m(z) be the third derivative of -z**5/60 + z**4/2 - 7*z**3/3 - 18*z**2. Let p be m(10). What is the units digit of 59/3 + 2/p?
0
Let i = 1032 + 270. Let m be 6/(-15) - i/(-30). Let k = m + -35. What is the units digit of k?
8
Suppose o = -4*i + 91, 4*o + 2*i = -2*i + 316. Suppose 10*l + 15 - o = 0. Suppose 409 = l*u - u - 2*p, 2*u - 152 = -5*p. What is the tens digit of u?
8
Suppose 0 = -3*s - 5*r + 14382, 23986 = -10*s + 15*s + 3*r. What is the tens digit of s?
9
Let b(i) = -2*i**2 + 14*i - 22. Let f be b(4). Suppose -118 = -2*y - 4*n, -f*y + 138 - 8 = -2*n. Let s = -47 + y. What is the units digit of s?
6
Let q(m) be the third derivative of -1/10*m**5 + 0*m - 32*m**2 + 7/24*m**4 - 2*m**3 + 1/120*m**6 + 0. What is the units digit of q(6)?
0
Let w = 6891 + 4051. What is the tens digit of w?
4
Let s(y) = 224*y**2 + 27*y + 8. What is the hundreds digit of s(3)?
1
Suppose 4*h - 542 = -530. Suppose -h*c + 22*b - 23*b = -2070, 2*b - 695 = -c. What is the tens digit of c?
8
Let o = 2135 - -3211. What is the units digit of o?
6
Let t = -289 - -507. Let r = -138 - -259. Let f = t - r. What is the tens digit of f?
9
Let r be (-11 - -1)*(-1 - 0). Let u(i) = -i**3 + 11*i**2 - 15*i + 46. Let q be u(10). What is the units digit of q/8 - (-565)/r?
6
Let u = -27 - -31. Suppose u*i + 0 = 20. Let k(r) = 20*r - 8. What is the tens digit of k(i)?
9
Let l(v) = 395*v**3 - 8*v**2 + 26*v - 12. What is the units digit of l(3)?
9
Suppose j = -n + 89452, 13*j = 9*j + 3*n + 357766. What is the tens digit of j?
4
Let j(x) = -2*x**2 - 9*x + 10. Let u be j(-5). Let f be -198*(-3 - -2) - (-1 + u). Suppose -f = 3*t - 608. What is the hundreds digit of t?
1
Suppose -25424 = -m + 5*k, -m - 4*k + 14346 = -11105. What is the thousands digit of m?
5
Let t(i) = 5*i - 17. Let u be t(6). Suppose 19*v - u*v - 12 = 0. Suppose -8 = v*w - 4*w. What is the units digit of w?
4
Suppose -124282 - 1253043 = -25*b. What is the tens digit of b?
9
Suppose 5*v = -10, 3*v - 5 = -k - 12. Let i(r) = -13*r**3 + 4*r**2 + 3*r. What is the tens digit of i(k)?
1
What is the tens digit of 1724916/102 - (5 + (-172)/34)?
1
Suppose -19*s + 58894 = 3*s. What is the hundreds digit of s?
6
Suppose 11251*t = 11223*t + 275296. What is the tens digit of t?
3
Suppose 160638 = -594*a + 635*a. What is the units digit of a?
8
Let p = 22 - 20. Suppose -3*u - 151 = -p*m, -2*m + 4*u + 68 = -82. What is the units digit of 1006/7 + 22/m?
4
Let c(x) = -3*x - 11. Let o be c(-9). Suppose 28 + 4 = 5*z + 3*q, -5*z + 36 = 4*q. What is the units digit of (-20)/(-24)*o*6/z?
0
Let k(s) = -59*s - 237. Let n be k(-5). Suppose -n*x + 35516 = -5316. What is the units digit of x?
4
What is the units digit of (8 + (-186)/(-12))*70?
5
Suppose -2*g + 938 = 3*j, 0*j = -5*g - 3*j + 2327. Let l = g - 205. Suppose l = 4*y - 106. What is the tens digit of y?
9
What is the thousands digit of (-43)/((-860)/389360) - -1?
9
Suppose 119*k = 47*k + 275904. What is the hundreds digit of k?
8
Suppose 0 = 5*v - 3*v + 4*p - 20, -24 = -3*v - 4*p. Suppose 5*s + v*k = 3460, 3*s - 6*s = k - 2069. What is the hundreds digit of s?
6
Suppose -4*k + 5 = n, -2*n = 4*k - 14 + 4. Suppose -3*y + 3*g = -216, n*y - 477 + 141 = -3*g. What is the tens digit of y?
6
What is the hun